{"id":285,"date":"2024-07-31T08:16:51","date_gmt":"2024-07-31T08:16:51","guid":{"rendered":"https:\/\/pagauso.com\/?page_id=285"},"modified":"2024-08-24T17:17:06","modified_gmt":"2024-08-24T17:17:06","slug":"politica-whatsapp","status":"publish","type":"page","link":"https:\/\/pagauso.com\/index.php\/politica-whatsapp\/","title":{"rendered":"Condiciones del servicio y whatsapp"},"content":{"rendered":"<p><strong>CL\u00c1USULA DE CONSENTIMIENTO PARA EL TRATAMIENTO DE DATOS PERSONALES DE CLIENTES, USO DE SERVICIOS EXCLUSIVOS Y CESI\u00d3N DE DATOS WHATSAPP<\/strong><\/p>\n<p><strong>\u00a0<\/strong><\/p>\n<p><strong>INFORMACI\u00d3N B\u00c1SICA DE PROTECCI\u00d3N DE DATOS<\/strong><\/p>\n<p>&nbsp;<\/p>\n<p>&nbsp;<\/p>\n<p>Responsable:<\/p>\n<p>El responsable del tratamiento de sus datos es: IKERNET INFORMATIKA ZERBITZUAK, con CIF 72459262Q y domicilio en Calle Goiz Argi 31, 20214 Segura (Guipuzcoa).<\/p>\n<p>&nbsp;<\/p>\n<p><strong>Finalidad:<\/strong><\/p>\n<p>Los datos ser\u00e1n utilizados para el env\u00edo de comunicaciones e informaci\u00f3n a trav\u00e9s de la aplicaci\u00f3n de mensajer\u00eda instant\u00e1nea WhatsApp.<\/p>\n<p>&nbsp;<\/p>\n<p>Remisi\u00f3n de comunicaciones comerciales.<\/p>\n<p>&nbsp;<\/p>\n<p>Para poder enviarle informaci\u00f3n importante y que disfrute de todas nuestras ventajas, por favor, autor\u00edcenos marcando con una las casillas para cada uno de los tratamientos:<\/p>\n<p>&nbsp;<\/p>\n<p><strong>Legitimaci\u00f3n:<\/strong><\/p>\n<p>Consentimiento del interesado.<\/p>\n<p>&nbsp;<\/p>\n<p><strong>Destinatarios:<\/strong><\/p>\n<p>Organismos obligados por Ley. Tambi\u00e9n se ceder\u00e1n sus datos a otros miembros del grupo de WhatsApp, cuando haya autorizado su inclusi\u00f3n en dichos grupos.<\/p>\n<p>&nbsp;<\/p>\n<p><strong>Derechos:<\/strong><\/p>\n<p>Puede ejercer sus derechos de acceso, rectificaci\u00f3n, cancelaci\u00f3n y oposici\u00f3n, portabilidad y limitaci\u00f3n, a no ser objeto de decisiones automatizadas y a retirar el consentimiento prestado.<\/p>\n<p><strong>Suscripci\u00f3n y devoluci\u00f3n:<\/strong><\/p>\n<p>Al aceptar estas clausulas y hacer el pago del mismo el cliente obtiene autom\u00e1ticamente acceso a paginas restringidas donde otros usuarios no pueden acceder. Por lo tanto pierde el derecho a devoluci\u00f3n del importe abonado al haber sido utilizado el servicio de acceso a paginas restringidas. El cliente acepta estas condiciones y no se devolver\u00e1 el importe pagado bajo ning\u00fan concepto.<\/p>\n<p><strong>Informaci\u00f3n adicional:<\/strong><\/p>\n<p>Puede consultar la informaci\u00f3n adicional y detallada sobre protecci\u00f3n de datos en este documento, en nuestras instalaciones o bien solicitarla mediante correo electr\u00f3nico a info@ikernet.net.<\/p>\n<p>&nbsp;<\/p>\n<p>INFORMACI\u00d3N ADICIONAL SOBRE PROTECCI\u00d3N DE DATOS<\/p>\n<p><strong>\u00bfQui\u00e9n es el responsable del tratamiento de sus datos?<\/strong><\/p>\n<p>IKERNET INFORMATIKA ZERBITZUAK<\/p>\n<p>72459262Q<\/p>\n<p>Calle Goiz Argi 31, 20214 Segura (Guipuzcoa)<\/p>\n<p>Tel\u00e9fono: \u00a0\u00a0\u00a0\u00a0\u00a0\u00a0\u00a0\u00a0\u00a0\u00a0\u00a0\u00a0\u00a0\u00a0 943083000<\/p>\n<p>Fax:<\/p>\n<p>Web:<\/p>\n<p>Correo-e: \u00a0\u00a0\u00a0\u00a0\u00a0\u00a0\u00a0\u00a0\u00a0\u00a0\u00a0\u00a0\u00a0\u00a0 info@ikernet.net<\/p>\n<p>&nbsp;<\/p>\n<p>Seg\u00fan el Reglamento (UE) 2016\/679\u00a0 de Protecci\u00f3n de Datos (RGPD), le informo que sus datos personales ser\u00e1n cedidos a los miembros del grupo creado por IKERNET INFORMATIKA ZERBITZUAK, siendo a partir de ese momento los responsables del tratamiento los mencionados miembros, por lo que el interesado se compromete a adoptar las medidas t\u00e9cnicas y organizativas adecuadas.<\/p>\n<p>\u00bfPara qu\u00e9 utilizamos sus datos y durante cu\u00e1nto tiempo los conservamos?<\/p>\n<p>Sus datos son utilizados para el intercambio de informaci\u00f3n y env\u00edo de comunicaciones por parte del responsable y por los terceros miembros del grupo autorizado. Los datos ser\u00e1n conservados durante el tiempo que se mantenga la relaci\u00f3n contractual, y una vez finalizada \u00e9sta durante los plazos establecidos en la normativa que resulte de aplicaci\u00f3n.<\/p>\n<p>Asimismo, el titular de los datos se compromete a comunicar cualquier modificaci\u00f3n que sufran los datos facilitados.<\/p>\n<p>\u00bfCu\u00e1l es la legitimaci\u00f3n para el tratamiento de sus datos?<\/p>\n<p>El tratamiento de los datos del cliente para el mantenimiento de la relaci\u00f3n con IKERNET INFORMATIKA ZERBITZUAK se basa en la ejecuci\u00f3n de un contrato.<\/p>\n<p>Por su parte el consentimiento del usuario es el que legitima el env\u00edo de comunicaciones comerciales y el intercambio de informaciones. El consentimiento puede ser revocado en cualquier momento.<\/p>\n<p>\u00bfQui\u00e9nes son los destinatarios de sus datos?<\/p>\n<p>Sus datos ser\u00e1n cedidos a otros miembros del grupo, cuando se haya prestado la autorizaci\u00f3n al respecto. En caso contrario, \u00fanicamente se ceder\u00e1n los datos por obligaci\u00f3n legal.<\/p>\n<p>\u00bfCu\u00e1les son sus derechos cuando nos facilita sus datos?:<\/p>\n<p>Puede ejercer ante IKERNET INFORMATIKA ZERBITZUAK sus derechos de acceso, rectificaci\u00f3n de datos inexactos, cancelaci\u00f3n cuando, entre otros motivos, los datos ya no sean necesarios para los fines que fueron recogidos, oposici\u00f3n al tratamiento de sus datos, portabilidad de sus datos a otro responsable, limitaci\u00f3n del tratamiento de sus datos y revocar el consentimiento prestado<\/p>\n<p>El usuario para ejercer sus derechos, deber\u00e1 enviar un escrito en el que indique el derecho que desea ejercitar y acompa\u00f1ar documento acreditativo de su identidad y direcci\u00f3n postal o electr\u00f3nica a efectos de notificaci\u00f3n. Esta solicitud puede realizarla, bien mediante correo postal a: IKERNET INFORMATIKA ZERBITZUAK\u00a0\u00a0 Calle Goiz argi 31, 20214 Segura (Guipuzcoa), o bien en la siguiente direcci\u00f3n de correo-e: info@ikernet.net.<\/p>\n<p>IKERNET INFORMATIKA ZERBITZUAK\u00a0\u00a0 deber\u00e1 contestar la solicitud del ejercicio de derechos en el plazo de un mes a partir de la recepci\u00f3n de la solicitud. Dicho plazo podr\u00e1 prorrogarse otros dos meses en caso necesario, teniendo en cuenta la complejidad y el n\u00famero de solicitudes.\u00a0 Le informaremos de cualquier pr\u00f3rroga en el plazo de un mes a partir de la recepci\u00f3n de la solicitud indicando los motivos de la dilaci\u00f3n.<\/p>\n<p>Asimismo, los interesados tienen derecho a reclamar ante la Autoridad de Control competente (Agencia Espa\u00f1ola de Protecci\u00f3n de Datos) cuando consideren que IKERNET INFORMATIKA ZERBITZUAK ha vulnerado los derechos que la normativa de protecci\u00f3n de datos les reconoce en\u00a0<a href=\"http:\/\/www.aepd.es\/\">www.aepd.es<\/a>.<\/p>\n","protected":false},"excerpt":{"rendered":"<p>CL\u00c1USULA DE CONSENTIMIENTO PARA EL TRATAMIENTO DE DATOS PERSONALES DE CLIENTES, USO DE SERVICIOS EXCLUSIVOS Y CESI\u00d3N DE DATOS WHATSAPP \u00a0 INFORMACI\u00d3N B\u00c1SICA DE PROTECCI\u00d3N DE DATOS &nbsp; &nbsp; Responsable: El responsable del tratamiento de sus datos es: IKERNET INFORMATIKA ZERBITZUAK, con CIF 72459262Q y domicilio en Calle Goiz Argi 31, 20214 Segura (Guipuzcoa). &nbsp; [&hellip;]<\/p>\n","protected":false},"author":1,"featured_media":0,"parent":0,"menu_order":0,"comment_status":"closed","ping_status":"closed","template":"","meta":{"pmpro_default_level":"","footnotes":""},"class_list":["post-285","page","type-page","status-publish","hentry","pmpro-has-access"],"_links":{"self":[{"href":"https:\/\/pagauso.com\/index.php\/wp-json\/wp\/v2\/pages\/285","targetHints":{"allow":["GET"]}}],"collection":[{"href":"https:\/\/pagauso.com\/index.php\/wp-json\/wp\/v2\/pages"}],"about":[{"href":"https:\/\/pagauso.com\/index.php\/wp-json\/wp\/v2\/types\/page"}],"author":[{"embeddable":true,"href":"https:\/\/pagauso.com\/index.php\/wp-json\/wp\/v2\/users\/1"}],"replies":[{"embeddable":true,"href":"https:\/\/pagauso.com\/index.php\/wp-json\/wp\/v2\/comments?post=285"}],"version-history":[{"count":4,"href":"https:\/\/pagauso.com\/index.php\/wp-json\/wp\/v2\/pages\/285\/revisions"}],"predecessor-version":[{"id":593,"href":"https:\/\/pagauso.com\/index.php\/wp-json\/wp\/v2\/pages\/285\/revisions\/593"}],"wp:attachment":[{"href":"https:\/\/pagauso.com\/index.php\/wp-json\/wp\/v2\/media?parent=285"}],"curies":[{"name":"wp","href":"https:\/\/api.w.org\/{rel}","templated":true}]}}